ns digit of j?
4
Let u be (-44)/(-2) - (-17 - -21). Suppose 6766 = -m + u*m. What is the units digit of m?
8
Suppose 33 = -114*w + 117*w. Let x(s) = 13*s - w*s - 43 + 130. What is the tens digit of x(0)?
8
Suppose 144*k + 5 = 143*k. What is the hundreds digit of k/20*-1076 + 0?
2
Let s be (-1)/((-15)/(-50) - 5/(-25)). Let j(t) = -479*t - 9. What is the tens digit of j(s)?
4
Suppose a - 36642 = 3*v + 3700, 4 = -4*v. Suppose -15*d = 14*d - a. What is the tens digit of d?
9
Let t(c) = 10*c**2 + 13*c + 18. Let n be (-100)/(-30)*(2/(-5) + -2). What is the hundreds digit of t(n)?
5
Suppose 25 - 71 = 2*u + 2*p, -75 = 5*u - 3*p. Let r = u + 20. Suppose -4*t = l - 43, 5*t = -l - r*l + 59. What is the units digit of t?
0
Suppose -4*m = 4*i - 1100, -6*i = -5*m - 7*i + 1383. Let f = 10 + m. What is the hundreds digit of f?
2
Let f be ((-4)/12)/1 - (-15)/(-9). Let q(i) = -6*i - 7. Let x be q(f). Suppose -4*u = 20, 5*u = x*s - 810 - 30. What is the hundreds digit of s?
1
What is the tens digit of -4*(259*9/(-36) - 1)?
6
Let y = -236 - -621. Suppose 14*l - 10*l + 988 = 0. Let m = l + y. What is the hundreds digit of m?
1
Let z(q) = -q**2 - 22*q - 21. Let a be z(-20). Suppose -7 = 2*p - a. What is the units digit of (p*14/8)/((-6)/(-28))?
9
Let w be 262 + (20/(-2))/(-5). What is the tens digit of (w/(-84))/((-1)/21)?
6
Suppose 4*j = 25 + 159. Suppose 3*a - j = -4*p, -2*a + 0*a + 32 = 3*p. What is the tens digit of a/80 - (-95)/8?
1
Let k be -2*((-4)/(-22) - (-21)/66). Let o be 1 + 9/(k - 2/4). What is the units digit of 581/6 - (o - 116/(-24))?
7
Let v(x) = -2*x**2 + 12*x + 12. Let z be v(6). Suppose z*r = -2*a + 7*r + 1617, -a = -r - 812. What is the units digit of a?
1
Suppose 44 = -4*y + 20. Let z(q) = -q**3 - 5*q**2 - 16*q - 7. What is the units digit of z(y)?
5
Let a(y) = 16*y + 16409 + y**2 - 16454 + 14*y. What is the tens digit of a(11)?
0
Suppose 0 = 5*i - 36 + 11. Let a = 168 - 168. Suppose -x - 4*f = -84, -i*x + a*x = f - 382. What is the tens digit of x?
7
Suppose 9*n + 14*n - 99594 = 5*n. What is the thousands digit of n?
5
Suppose -4*w + 10118 = -r, -165 = -w - 5*r + 2333. What is the tens digit of w?
2
What is the thousands digit of (20/(12/(-3)) + (-23216)/(-2))/1?
1
Suppose 290*m + 3403827 - 22132607 = 0. What is the hundreds digit of m?
5
Suppose v = 6*v - 15. Let d(m) = 3 + 42*m + 18*m + 34*m + 7 - 28*m. What is the tens digit of d(v)?
0
Let t(p) = 402 + 6*p - p - 424. Suppose -h = -4*z + 43 + 14, 0 = 4*z + 2*h - 42. What is the units digit of t(z)?
3
Let q(k) = 179*k + 29. Suppose 7*x = 2*x + 10. What is the hundreds digit of q(x)?
3
Suppose 840*j - 82121 = 827*j. What is the tens digit of j?
1
Let c = -683 - 223. What is the units digit of 10 - (c - 12) - 1*3?
5
Let a(o) = -o**2 + 2. Let w be a(3). Let f(l) = -69 + 200 - 110 - l. What is the units digit of f(w)?
8
Suppose 3*l - 383 = -0*b + 2*b, l - 2*b = 125. Let h = 110 + l. What is the tens digit of h?
3
Suppose -2*u + 2*d - 5*d = 2, -2*d = 4*u + 20. Let n = 9 - u. Suppose -4*p = t - 5*p - 26, 3*p + n = t. What is the tens digit of t?
3
Let p(r) = -r**3 + 15*r**2 + 31*r - 3. Let z be p(13). Let o = 1055 - z. What is the hundreds digit of o?
3
Let m(z) = 27*z - 26. Let q(c) = -135*c + 148. Let k(f) = 11*m(f) + 2*q(f). Suppose 3*v - 12 = 9. What is the units digit of k(v)?
9
Suppose -q - 327 = -2*q + i, 0 = -2*q + 4*i + 664. Let z = q - 221. Suppose -j = -4*v + 369, 171 + z = 3*v + 4*j. What is the tens digit of v?
9
Let h be ((-6)/(-3) + 1)*(4 - -1). Let l(d) = d**3 - 15*d**2 - 13*d - 27. Let r be l(h). Let v = r - -429. What is the hundreds digit of v?
2
Let i(u) = -21*u**2 + 4*u - 14. Let z be i(-8). What is the hundreds digit of ((-4)/10)/(2/z)?
2
Let m(f) = 8583*f + 957. What is the ten thousands digit of m(2)?
1
Suppose -4*h - 56120 = -5*s, -22256 = -3*s - 5*h + 11379. What is the units digit of s?
0
Let m = 343 - 149. Let j be -86 + 2*(-1)/(-2). Let d = m + j. What is the hundreds digit of d?
1
Suppose 0 = -3*v + 5*g + 625, 4*v + 2*g - 835 = 7*g. Suppose 0 = -16*j + 13*j - v. Let a = -49 - j. What is the tens digit of a?
2
Let a(q) = -q**2 + 12*q - 24. Let z be a(9). Let w be 1089/12 + z/(-4). Suppose 3*d + 2*c + c - w = 0, 20 = -4*c. What is the units digit of d?
5
Let c = -9400 - -13453. What is the tens digit of c?
5
Let b(l) = 184*l**2 - 13*l - 11. What is the ten thousands digit of b(-8)?
1
What is the hundreds digit of (-494915)/309*6/(-1)?
6
What is the tens digit of ((-131)/6*12/(-6))/((-8)/(-528))?
8
What is the thousands digit of 2870 + -2 - (8 + -11 + 2) - -4?
2
Suppose 14*v - 13*v - 15 = -5*h, -3*v - 19 = -h. Let c be ((-345)/(-20))/(6/16). Suppose 4*q = 4*m - 30 - c, m - h*q = 10. What is the tens digit of m?
2
Suppose 12*h - 32*h = -14*h - 63816. What is the hundreds digit of h?
6
Suppose -4*k + 12 = 5*x - 0*x, 3*k - 9 = -5*x. Suppose x = 12*d - 159 - 669. What is the units digit of d?
9
Let u = -71 - -24. Let f = u - -348. Suppose y - 77 = -3*o + 18, -f = -3*y - 5*o. What is the tens digit of y?
0
Let f = 495 - 197. What is the hundreds digit of ((-3)/12 + f/8)*14?
5
Let u = 16059 + -10259. What is the units digit of u?
0
Let n(f) = -3*f - 14. Let o be n(-7). What is the hundreds digit of 50/75*(95445/6)/o?
5
Let p(y) = -y**3 - 19*y**2 - 35*y - 21. Let i be p(-17). Let q(k) = -27*k**3 - 8*k**2 - 13*k - 32. What is the hundreds digit of q(i)?
6
Suppose 6*b - 11*b + 5*y = -55, -5 = -b + 4*y. Suppose b*v - 495 = 5602. What is the hundreds digit of v?
4
Suppose q - 18 = 4*i, 2*q - 4*q = -2*i - 66. Let a = 424 - 284. Suppose a = -36*p + q*p. What is the units digit of p?
0
Suppose -4*p = 3*p + 28. Let t be (-3)/(-3 + ((-1416)/117)/p). Let g = 38 - t. What is the units digit of g?
5
Suppose -572*u = -293*u - 5976738. What is the thousands digit of u?
1
Suppose 4*i - r = 171, 0 = 3*i - r - 2*r - 135. Suppose 41*t - i*t = 24. Let q = 143 - t. What is the units digit of q?
7
Let f(j) = j + 1. Let w be f(4). Let o = -24 - -13. Let y = w - o. What is the units digit of y?
6
Let i(g) = -13408*g**3 + 2*g**2 + 5*g + 6. What is the thousands digit of i(-1)?
3
Suppose 0 = a - 2*z + 4, 5*a + z = 6*z. Suppose a*x - 199 = -h, -87 = -2*x - 0*x - 3*h. Let d = x + 16. What is the tens digit of d?
6
Let v = 7 - 12. What is the units digit of (-4 + (v - -10))*247?
7
Let w(p) = -455*p - 29. What is the thousands digit of w(-3)?
1
Suppose -24*n = 9*n + 8250. Let x = 88 - n. What is the tens digit of x?
3
Let l = 8128 + -3808. What is the thousands digit of l?
4
Let l(x) = -8*x - 33. Let o(s) = -15*s - 67. Let q(k) = -11*l(k) + 6*o(k). Let f be q(-18). Let z = 26 + f. What is the tens digit of z?
2
What is the units digit of (-82)/533 - 604346/(-13)?
8
Let t = 63 + -58. Suppose 5*j + f - 1962 = 0, 2*j + f - 798 = t*f. What is the hundreds digit of j?
3
Suppose 4*y = -4*h + 68, 61*y - 65*y - 85 = -5*h. Suppose h*v - 15329 + 3786 = 0. What is the tens digit of v?
7
Let b(y) = -y**3 + 59*y**2 - 14*y + 361. What is the units digit of b(57)?
1
Let w(j) = -2*j + 0*j**2 + 2*j**2 - 2 + 13*j**3 - 4*j**2 + 3. Let a be w(2). Suppose -30*n + a = -27*n. What is the units digit of n?
1
Let p(j) = j**3 + 0*j + 2*j - 9*j**2 + 12 + 7*j + 0*j**3. Let l be p(10). Suppose l = 4*x - 242. What is the hundreds digit of x?
1
Suppose 5*t + 2 = 22. Suppose -t*b = 2*c - 92, -b - 3*c + 4*c = -17. What is the units digit of b + -6 - (3 + -1)?
3
Let z be 4 + 10 - (3 - -5). Suppose -7*p + 10426 = z*p. What is the hundreds digit of p?
8
Suppose -38*x - 2 = -39*x. What is the units digit of x + -10 + 8 + (513 - 0)?
3
Suppose 28*u = 31*u - 23541. Suppose u = 2*r + 17*r. What is the units digit of r?
3
Let s(c) = 2*c**2 + 19*c + 11. Let b be s(-14). Suppose 0 = -2*i + b + 51. Let g = i + 48. What is the units digit of g?
2
Suppose 159*d - 154*d - 2*a = 28727, 0 = -d + 4*a + 5731. What is the units digit of d?
7
Let g(p) = -31*p - 284. Let s be g(-9). Let u(l) = -8*l**3 - l**2 + 11*l + 22. What is the units digit of u(s)?
2
Suppose -4*h - 9 = 3*m, 3*m - 4 = 2*h + 5. What is the hundreds digit of (m/(-1))/(13/(-10907))?
8
Let l(v) = -v**3 + 10*v**2 + 11*v - 4. Let y be l(11). What is the units digit of 5 + (-27815)/(-20) - 1/y?
6
What is the thousands digit of 7 - 3 - (-6)/(-3) - -6284?
6
Let b(q) = -5*q**2 + 15*q - 11. Let 